{"id":280,"date":"2021-02-23T10:28:43","date_gmt":"2021-02-23T10:28:43","guid":{"rendered":"http:\/\/jugendtreff-laggenbeck.de\/?page_id=280"},"modified":"2021-02-25T17:00:20","modified_gmt":"2021-02-25T17:00:20","slug":"online-anmeldung","status":"publish","type":"page","link":"https:\/\/jugendtreff-laggenbeck.de\/?page_id=280","title":{"rendered":"Online-Anmeldung"},"content":{"rendered":"<p>[et_pb_section fb_built=&#8220;1&#8243; _builder_version=&#8220;4.9.0&#8243; _module_preset=&#8220;default&#8220;][et_pb_row _builder_version=&#8220;4.9.0&#8243; _module_preset=&#8220;default&#8220;][et_pb_column type=&#8220;4_4&#8243; _builder_version=&#8220;4.9.0&#8243; _module_preset=&#8220;default&#8220;][et_pb_text _builder_version=&#8220;4.9.0&#8243; _module_preset=&#8220;default&#8220; hover_enabled=&#8220;0&#8243; sticky_enabled=&#8220;0&#8243;]<\/p>\n<h1 style=\"text-align: center;\">JUGENDTREFF LAGGENBECK<\/h1>\n<h2 style=\"text-align: center;\">ONLINE ANMELDUNG<\/h2>\n<p>&nbsp;<\/p>\n<p style=\"text-align: center;\">Hier k\u00f6nnt ihr euch f\u00fcr die unterschiedlichen Angebote anmelden. Bitte beachtet dabei die Datenschutz- und Einwilligungserkl\u00e4rungen.<\/p>\n<p style=\"text-align: center;\">Falls ihr Fragen dazu habt meldet euch einfach bei uns.\u00a0Bitte denkt daran euch fr\u00fchzeitig abzumelden, falls ihr eurer Anmeldung nicht nachkommen k\u00f6nnt, damit andere Kinder von der Warteliste nachrutschen k\u00f6nnen.<\/p>\n<p style=\"text-align: center;\">Und nun:<br \/> An die Tasten, fertig, los!<\/p>\n<p>[\/et_pb_text][\/et_pb_column][\/et_pb_row][et_pb_row _builder_version=&#8220;4.9.0&#8243; _module_preset=&#8220;default&#8220;][et_pb_column type=&#8220;4_4&#8243; _builder_version=&#8220;4.9.0&#8243; _module_preset=&#8220;default&#8220;][et_pb_code _builder_version=&#8220;4.9.0&#8243; _module_preset=&#8220;default&#8220;]<iframe loading=\"lazy\" id=\"6034d4a0ce7a702f82b29474\" width=\"100%\" height=\"150\" class=\"yolawo-widget\" src=\"https:\/\/widgets.yolawo.de\/w\/6034d4a0ce7a702f82b29474\" frameborder=\"0\" data-offset-x=\"50\" scrolling=\"no\"><\/iframe><!-- [et_pb_line_break_holder] --><script type=\"text\/javascript\" src=\"https:\/\/widgets.yolawo.de\/assets\/script.js\"><\/script>[\/et_pb_code][\/et_pb_column][\/et_pb_row][\/et_pb_section]<\/p>\n","protected":false},"excerpt":{"rendered":"<p>JUGENDTREFF LAGGENBECK ONLINE ANMELDUNG &nbsp; Hier k\u00f6nnt ihr euch f\u00fcr die unterschiedlichen Angebote anmelden. Bitte beachtet dabei die Datenschutz- und Einwilligungserkl\u00e4rungen. Falls ihr Fragen dazu habt meldet euch einfach bei uns.\u00a0Bitte denkt daran euch fr\u00fchzeitig abzumelden, falls ihr eurer Anmeldung nicht nachkommen k\u00f6nnt, damit andere Kinder von der Warteliste nachrutschen k\u00f6nnen. Und nun: An die [&hellip;]<\/p>\n","protected":false},"author":1,"featured_media":0,"parent":0,"menu_order":0,"comment_status":"closed","ping_status":"closed","template":"","meta":{"_et_pb_use_builder":"on","_et_pb_old_content":"","_et_gb_content_width":""},"_links":{"self":[{"href":"https:\/\/jugendtreff-laggenbeck.de\/index.php?rest_route=\/wp\/v2\/pages\/280"}],"collection":[{"href":"https:\/\/jugendtreff-laggenbeck.de\/index.php?rest_route=\/wp\/v2\/pages"}],"about":[{"href":"https:\/\/jugendtreff-laggenbeck.de\/index.php?rest_route=\/wp\/v2\/types\/page"}],"author":[{"embeddable":true,"href":"https:\/\/jugendtreff-laggenbeck.de\/index.php?rest_route=\/wp\/v2\/users\/1"}],"replies":[{"embeddable":true,"href":"https:\/\/jugendtreff-laggenbeck.de\/index.php?rest_route=%2Fwp%2Fv2%2Fcomments&post=280"}],"version-history":[{"count":5,"href":"https:\/\/jugendtreff-laggenbeck.de\/index.php?rest_route=\/wp\/v2\/pages\/280\/revisions"}],"predecessor-version":[{"id":342,"href":"https:\/\/jugendtreff-laggenbeck.de\/index.php?rest_route=\/wp\/v2\/pages\/280\/revisions\/342"}],"wp:attachment":[{"href":"https:\/\/jugendtreff-laggenbeck.de\/index.php?rest_route=%2Fwp%2Fv2%2Fmedia&parent=280"}],"curies":[{"name":"wp","href":"https:\/\/api.w.org\/{rel}","templated":true}]}}